the highest common factor of 64 and 647133568.
64
Calculate the greatest common divisor of 37404864 and 1536.
192
Calculate the greatest common divisor of 66196 and 2561.
13
What is the highest common divisor of 7638 and 45543?
57
What is the highest common factor of 1982610 and 4320?
270
What is the highest common divisor of 298210 and 150?
10
Calculate the greatest common factor of 1129836 and 6216.
12
Calculate the greatest common factor of 22 and 259316926.
22
Calculate the greatest common factor of 448 and 22054648.
56
Calculate the highest common divisor of 153 and 135167.
17
What is the greatest common divisor of 1241121882 and 12012?
6006
What is the greatest common factor of 360 and 1146648?
24
What is the highest common factor of 51940917 and 4095?
63
Calculate the highest common factor of 1751150 and 650.
50
What is the highest common divisor of 14910805 and 35?
35
What is the highest common divisor of 90161676 and 153?
153
What is the highest common divisor of 24588 and 582599?
683
What is the greatest common divisor of 11513 and 471337?
29
Calculate the greatest common divisor of 8905432 and 298.
298
What is the highest common factor of 35080 and 47269423?
877
Calculate the greatest common factor of 465 and 45442218.
93
Calculate the greatest common divisor of 816390 and 320670.
90
What is the greatest common factor of 2313252 and 7101?
27
What is the greatest common divisor of 581853 and 15?
3
What is the greatest common divisor of 54 and 179511?
3
What is the highest common divisor of 8888 and 199634984?
808
Calculate the highest common divisor of 112 and 23022128.
16
Calculate the highest common divisor of 13328 and 114986144.
784
What is the greatest common factor of 15560201 and 4?
1
Calculate the greatest common divisor of 1798300 and 5425.
175
What is the greatest common factor of 5073 and 932292?
57
What is the greatest common divisor of 234 and 6054633?
117
Calculate the greatest common divisor of 14525 and 11001235.
2905
What is the greatest common divisor of 1416663 and 4899?
213
Calculate the greatest common factor of 117 and 4507451.
13
What is the greatest common divisor of 19754480 and 1160?
40
What is the greatest common factor of 221022 and 13842?
18
What is the greatest common factor of 5158484 and 4?
4
Calculate the highest common divisor of 798834 and 4.
2
Calculate the highest common factor of 584034 and 18.
6
What is the greatest common divisor of 415 and 246657325?
415
What is the highest common divisor of 355386 and 123317?
971
What is the highest common factor of 14829633 and 532?
133
Calculate the highest common divisor of 938809844 and 24444.
2716
Calculate the greatest common divisor of 115 and 2682467.
23
Calculate the highest common divisor of 5063536 and 4.
4
Calculate the highest common divisor of 1548 and 3294789.
129
What is the greatest common divisor of 329549412 and 12?
12
What is the highest common factor of 346446230 and 13?
13
Calculate the highest common factor of 3782 and 1072746.
122
Calculate the greatest common factor of 3725022676 and 13964.
13964
Calculate the greatest common divisor of 196 and 821779.
49
What is the highest common divisor of 1222257 and 1647?
183
Calculate the greatest common factor of 68742 and 351.
27
What is the greatest common divisor of 63 and 507033?
9
What is the greatest common divisor of 17 and 339203329?
17
Calculate the highest common factor of 11616179 and 101498.
2671
Calculate the highest common factor of 19734266 and 24.
2
Calculate the highest common divisor of 336 and 120728496.
336
Calculate the greatest common factor of 2356 and 36310083.
589
What is the highest common factor of 10324 and 182272?
356
Calculate the greatest common factor of 274 and 7462390.
274
What is the greatest common factor of 1749401 and 3376?
211
Calculate the greatest common divisor of 10445800 and 65250.
1450
What is the highest common factor of 13 and 1897212005?
13
What is the greatest common divisor of 126 and 49330848?
42
What is the highest common factor of 20 and 6052510?
10
What is the greatest common factor of 75193890 and 376?
94
What is the greatest common factor of 1386 and 15046614?
198
Calculate the highest common factor of 27746448 and 111.
111
Calculate the greatest common factor of 7222073 and 261.
29
What is the greatest common factor of 143404821 and 3528?
441
Calculate the greatest common factor of 45171 and 3661.
7
Calculate the highest common divisor of 63396 and 101952.
108
Calculate the highest common factor of 19992 and 4179144.
408
What is the greatest common divisor of 120947862 and 147?
21
Calculate the greatest common divisor of 201409185 and 30.
15
What is the highest common divisor of 8004 and 3366648?
276
Calculate the highest common divisor of 219806597 and 681.
227
What is the greatest common factor of 3490227 and 575?
23
What is the highest common factor of 292 and 196298533?
73
Calculate the highest common divisor of 21516 and 9300324.
132
Calculate the highest common factor of 272525749 and 2141.
2141
What is the greatest common divisor of 8950 and 50034080?
1790
Calculate the highest common factor of 8274925 and 25.
25
Calculate the greatest common factor of 84 and 7999173.
21
What is the highest common factor of 1506558 and 28950?
1158
Calculate the greatest common divisor of 9750 and 1681170.
30
What is the highest common factor of 10 and 60744170?
10
Calculate the greatest common divisor of 7128 and 10056204.
108
Calculate the highest common divisor of 375 and 3601375.
125
Calculate the highest common factor of 1752507 and 243.
9
What is the highest common factor of 854823 and 5730776?
2663
What is the greatest common factor of 14661 and 44040015?
1629
Calculate the greatest common factor of 82852053 and 3411.
1137
Calculate the highest common factor of 57130 and 27260.
290
What is the greatest common divisor of 858116 and 1876?
28
Calculate the greatest common factor of 8797 and 2227541.
19
What is the greatest common factor of 1172 and 7167659?
293
Calculate the greatest common divisor of 14473833 and 1221.
33
Calculate the greatest common divisor of 42588 and 27651.
39
What is the highest common divisor of 6461532 and 2916?
324
Calculate the greatest common divisor of 7051 and 1115642.
11
What is the highest common divisor of 16266512 and 12416?
1552
What is the highest common divisor of 188976 and 2664968?
1016
Calculate the greatest common divisor of 23193 and 4293.
27
Calculate the greatest common factor of 36 and 16630767.
9
What is the highest common divisor of 33159160 and 1230?
410
What is the highest common divisor of 33150459 and 969?
969
What is the highest common factor of 11257986 and 3?
3
What is the greatest common divisor of 50433808 and 3424?
1712
Calculate the highest common divisor of 51726 and 11766.
222
What is the highest common factor of 12754110 and 7464?
1866
Calculate the greatest common divisor of 9139004 and 828.
92
What is the highest common factor of 1988 and 27091?
1
Calculate the highest common factor of 42 and 220639956.
6
Calculate the highest common factor of 29999154 and 2428.
1214
What is the highest common divisor of 32635 and 826789?
107
What is the greatest common divisor of 881604 and 4050324?
972
Calculate the highest common factor of 27961053 and 1432.
179
Calculate the highest common factor of 400 and 6714440.
40
Calculate the highest common factor of 11173806 and 36.
18
What is the greatest common divisor of 1941498 and 403?
13
Calculate the greatest common factor of 1449 and 1598661.
207
Calculate the highest common divisor of 140 and 97118.
14
Calculate the greatest common divisor of 2690553635 and 385.
385
Calculate the highest common factor of 779 and 65187062.
19
What is the highest common divisor of 1041 and 569006783?
347
Calculate the highest common divisor of 3246581 and 91.
13
Calculate the highest common factor of 110632360 and 4150.
830
What is the highest common divisor of 3 and 16068229?
1
Calculate the greatest common divisor of 5828 and 13609.
31
What is the highest common factor of 7205393 and 20436?
1703
Calculate the highest common factor of 610987685 and 7.
7
What is the greatest common factor of 9080 and 31769104?
1816
Calculate the greatest common factor of 42 a